 is q(i)?
4
Let g(u) = -4*u + 1. Let c be g(-1). Suppose 0 = c*a - 2*z - 16, 3*a - 4*a + z + 5 = 0. Let n(r) = 388 - 388 + r. What is n(a)?
2
Let z(t) be the third derivative of -1/12*t**4 + t**2 + 0 + 1/6*t**3 + 0*t. Suppose -14 = 3*d + 1, 2*k = -5*d - 23. Calculate z(k).
-1
Let z(k) be the third derivative of k**5/60 - k**4/6 - k**3/6 + k**2. Suppose 4*q - 2*q + 3*x = 25, x - 5 = 0. What is z(q)?
4
Let w(b) = 0*b**2 + 5*b**2 + b + 1 - 4*b**2 - 4*b**2. Let h(p) = -2*p**2 + p. Suppose l + 2*l = 3. Let o be h(l). Calculate w(o).
-3
Suppose 2*q = 3 - 7. Let t(o) be the first derivative of 5*o**2/2 - 5. What is t(q)?
-10
Suppose i = 6*i - 20. Suppose -4*o + o + 9 = 0. Let b(y) = 2*y + o + y - y**2 + 0. Calculate b(i).
-1
Let c(g) be the second derivative of g**5/20 - 5*g**4/12 + g**3/6 + g**2/2 - 20*g - 4. Suppose -2*f + 5 = -0*r - r, -3*r = f - 20. Give c(r).
6
Let d(z) = z**2 - 8*z + 1. Let s be 20/(-6)*(-6)/5. Calculate d(s).
-15
Let x(u) be the first derivative of -3 - 1/3*u**3 - 7*u - 3*u**2. Give x(-6).
-7
Let r(s) = -s**3 + 4*s**2 - 4*s + 2. Suppose -2*g + 0 = -4. Let w be r(g). Let v(c) = -c**3 + 2*c - 6*c - 5 - 7*c**2 + 2*c**w. Calculate v(-4).
-5
Suppose 2 = -4*t + z + z, -t = -5*z + 5. Let p(r) = -r + 1. Let s(l) = 5*l - 17. Suppose -g - 2 = -1. Let d(i) = g*s(i) - 4*p(i). Determine d(t).
13
Let s(d) = 0 - 6 + 3*d**2 + 6*d - 2*d**2. Give s(-6).
-6
Let q(u) be the second derivative of 1/6*u**3 + 7/2*u**2 + 0 + u. Let d be (4 - 9)/(-1 - -2). Calculate q(d).
2
Let b(x) be the second derivative of -1/3*x**3 - 3*x**2 + 2*x + 0. Determine b(-5).
4
Let s(g) = 3*g. Suppose 0 = 2*z - 3*k - 8 - 13, -5*z = 5*k - 15. Let f be -1 + 0 + z + -7. Calculate s(f).
-6
Let g(f) = -3 + 4*f - 4 - 2*f + 0. Let p(t) = -t + 4. Let y(d) = 3*g(d) + 5*p(d). What is y(-5)?
-6
Let j = -4 + 6. Let f(d) = -5*d**2 - d + 2 + d + 3*d**2. Give f(j).
-6
Let t(k) = -k**2 + k + 1. Let v(z) = 10*z - 6. Let d(r) = t(r) + v(r). Let b be d(11). Let y(l) = l + 5. What is y(b)?
0
Let f(p) = -4*p**3 + 1. Let x = 12 - -3. Suppose 2*t + 3*t = x. Suppose 2*s + 1 = t. Give f(s).
-3
Let l(v) be the third derivative of v**4/12 - v**3/6 - 5*v**2. Calculate l(1).
1
Let w(r) = 4 + 3*r + 2*r + 0*r**2 + r**2. Suppose -40 = -0*c - 2*c. Suppose 2*n + c = -3*n. What is w(n)?
0
Let a be 6 + -6 + 1 + 2 + 2. Let m be (-4)/10 - (-54)/(-15). Let y(h) = 4*h - 6. Let n(q) = -5*q + 7. Let b(k) = m*y(k) - 3*n(k). Calculate b(a).
-2
Let m(i) be the third derivative of -i**8/6720 - i**7/504 - i**5/60 + 5*i**4/24 - i**2. Let n(o) be the second derivative of m(o). What is n(-5)?
-2
Let q(t) be the third derivative of -t**5/10 - 7*t**3/3 + 3*t**2. Let j(m) = 5*m**2 + 14. Let a(k) = 5*j(k) + 4*q(k). Determine a(0).
14
Let q(s) be the second derivative of s**2 + 2*s - 1/20*s**5 - 1/3*s**3 + 5/12*s**4 + 0. Give q(5).
-8
Let g(y) = -4*y**2 - 7*y - 1 + 2*y**2 + y**2 + 3*y. Give g(-5).
-6
Let z(l) = -3*l**2. Let r be (-18)/30 + (-4)/10. What is z(r)?
-3
Let b(l) = -6*l - 2*l + 11*l. Calculate b(3).
9
Let o(b) = -b**3 - 4*b**2 + 6*b + 1. Let r be o(-5). Let n(p) = 30*p - 1. Let h(a) = -16*a + 1. Let k(q) = -11*h(q) - 6*n(q). Give k(r).
11
Let f(a) = a**2 - 6*a + 2. Suppose 3*q = -0*t - 3*t, -20 = -2*t + 3*q. Calculate f(t).
-6
Suppose i - 3*i = -44. Let t be (-4)/i - 2/(-11). Let r(l) = 3 - l - 5 + t. Give r(5).
-7
Let m = -9 + 13. Let z(p) = 4*p**2 + p + 0 + 3*p**3 - 3 - m*p**3. Let w be (-1)/(-4) + 30/8. Calculate z(w).
1
Let w(o) = 2*o**3 - 5*o**2 + 7*o - 7. Let j(v) = 3*v**3 - 7*v**2 + 11*v - 11. Let f(b) = -5*j(b) + 8*w(b). Determine f(5).
4
Let l = 8 - 6. Let p(q) = -3 - 2 + 0*q**l + q**3 + 5*q**2 + 2. Determine p(-5).
-3
Let k(y) = y. Let b be k(0). Let s(p) = 3 + 2*p + b - 4. Suppose 4*w + 3*r = 2*r, r - 7 = 3*w. Give s(w).
-3
Let v(q) = 2*q - 21. Let g be v(9). Let c(x) = x**3 + 3*x**2 - 2*x - 2. Determine c(g).
4
Let s be 7 + (-1)/(1/2). Suppose r + 15 = 4*r. Let l(o) = -r - s + 0*o - o**2 - o. Calculate l(0).
-10
Suppose -20 = -4*d - 2*t, 0 = 5*d + t + 2 - 30. Let m(n) = 2 - 6 - 3*n**2 + 4*n**2 - 6*n. Give m(d).
-4
Let p(o) be the first derivative of -o**4/4 - 2*o**3/3 + o**2 - 4*o - 1. Let n be (-2*6)/(2 - 3). Let a be (-1)/(2 - 20/n). Give p(a).
-1
Let g(y) be the first derivative of 4 + 1/2*y**2 + 4*y. What is g(-3)?
1
Let i(j) = -j. Suppose 7*o + 12 = 4*o. Let n(u) = -2*u - 4. Let y(w) = o*i(w) + n(w). Calculate y(4).
4
Let y(r) = r. Let p(j) = -2*j - j + 4*j - 7. Let l be p(7). Give y(l).
0
Suppose 3*j - 3*v - 14 = -4*v, 2*j = v + 16. Let q(o) be the first derivative of -o**4/4 + 2*o**3 - 4*o + 44. Determine q(j).
-4
Let j be ((-20)/(-6))/(2/6). Let u be 2/5 - 4/j. Let b(s) be the third derivative of s**4/24 - 4*s**3/3 + 2*s**2. What is b(u)?
-8
Let v(h) = h + 7. Let f(d) = d**3 - 31*d**2 + 30*d - 7. Let s be f(30). Calculate v(s).
0
Let t(f) = 2*f**2 - 4*f + 3. Let g be t(2). Let y(x) = 2*x**2 - 3*x - 2. What is y(g)?
7
Let x(r) = 1. Let i(b) = -b - 3. Let n(g) = i(g) + 6*x(g). Determine n(4).
-1
Let d(k) = -4*k**2 + 6*k + 2. Let w(b) be the third derivative of -b**5/20 + 5*b**4/24 + b**3/6 + b**2. Let j(n) = 2*d(n) - 3*w(n). What is j(2)?
-1
Let c(i) = i**2 - 3*i - 2. Let f = -4 - -8. Suppose 8 = -2*g + f*g. Give c(g).
2
Let m(p) = -3*p - p + 3*p + 196 - 199. Suppose 0*l = -5*l + 20. Give m(l).
-7
Suppose z + 5*k = 6*z + 30, -2*z = -4*k + 22. Let f(s) = s + 2*s**2 + 0*s**2 + s - 6*s**3 + 1. Determine f(z).
7
Suppose 0 = -o + 3*o + 10. Let m(l) = -l - 3. Determine m(o).
2
Let n(j) = -j - 1. Let c = -3 - -2. Let b(f) = -2*f - 1. Let o be b(c). Determine n(o).
-2
Let d(o) be the second derivative of -5*o**3/6 + o**2/2 + 9*o. Give d(1).
-4
Let y(m) be the first derivative of -m**2 + 2*m + 5. What is y(6)?
-10
Let k(a) be the first derivative of -7*a - 2*a**2 + 1/3*a**3 + 3. Give k(5).
-2
Let i(p) = -p**3 - 6*p**2 - 6*p - 2. Let l be i(-5). Let v(m) = 0 + l + 5*m + 2*m**2 - m + 0*m. Calculate v(-2).
3
Let m be ((-24)/(-21))/((-2)/(-7)). Let r(f) = f**3 + 6*f**2 + 2. Let t be r(-6). Let s(b) = 0 - 2*b - t + 5. Determine s(m).
-5
Let v(m) = m**2 - 6*m - 5. Suppose -5*l + 12 = -2*l - 3*c, -c + 5 = 2*l. Let w = 9 - l. What is v(w)?
-5
Let u(s) = -3*s - 2*s + s + 4 + 3*s. Calculate u(-3).
7
Let c(t) = -t**3 - 4*t**2 + 6*t. Let u(v) = v**3 + 4*v**2 - 5*v. Let q(s) = -3*c(s) - 4*u(s). Let k be 4*((-2)/3 + (-5)/15). Calculate q(k).
-8
Suppose 0*m + 2*m = -h - 2, -2*m = 2*h + 4. Let q = 3 + h. Let c(v) be the second derivative of v**4/6 - v**2/2 + 3*v. Give c(q).
1
Suppose 3*x = -0*b + 3*b - 3, -3*x + b = 5. Let z = -5 - x. Let g(n) = -3*n - 7. Let r(t) = 10*t + 21. Let u(h) = -7*g(h) - 2*r(h). Calculate u(z).
4
Let w = -16 - -17. Let k(x) = 5*x**3 - x**2 - x + 1. Determine k(w).
4
Suppose -q = -2*q - 1, -q = f + 17. Let j be (-6)/8 - (-4)/f. Let k = j + 1. Let a(r) = -r**2 + 10. Give a(k).
10
Let t(y) = -y - 3. Suppose 0 = 2*j + 1 - 25. Let o(p) = 8*p - 1. Let s be o(1). Let d = j - s. Calculate t(d).
-8
Let s(d) be the third derivative of d**8/20160 - d**7/1260 + d**6/720 + d**5/20 + d**2. Let b(h) be the third derivative of s(h). Calculate b(4).
1
Let n(j) = 10*j**3 - 2*j - 5*j**3 + 8*j**2 + 6 - 4*j**3 + 10*j. What is n(-7)?
-1
Let z(v) = -4*v**2 + 8*v - 8. Let d(f) = -f**2 + f - 1. Let j(g) = -5*d(g) + z(g). Suppose 0 = -4*t + 8. Calculate j(t).
7
Let x(q) = 2*q - 5. Suppose 0*d = -3*d. What is x(d)?
-5
Suppose -9 + 3 = -b. Suppose 0 = -11*t + b*t - 5. Let q(m) be the third derivative of m**6/120 + m**5/60 - m**3/6 + m**2. Determine q(t).
-1
Let t be 2 + -1 + -4*1/(-2). Let b(j) be the first derivative of 0*j + 1/2*j**2 - t. Give b(-1).
-1
Let q(m) = -7 + 9 - 3*m + 4*m. What is q(-5)?
-3
Let r(v) be the first derivative of -v**2/2 + v - 19. Calculate r(-5).
6
Let q(c) = 3*c**2 + 4*c + 3. Let v be (-2)/(-3) - 8/3. Give q(v).
7
Suppose -10*h = -13*h + 9. Let w(r) be the third derivative of 0*r - 1/12*r**4 + h*r**2 + 0 - 1/3*r**3 + 1/20*r**5. What is w(2)?
6
Let d(r) = -2*r + 16 - 37 + 11 + 13. What is d(-7)?
17
Suppose 0 = f + 5*z + 10 - 37, -18 = -4*f - 2*z. Let b(q) = 4*q - 5 + 3 + q. Determine b(f).
8
Suppose 13*t = 12*t + 5. Let z(k) = k**3 - 4*k**2 - 5*k + 2. What is z(t)?
2
Let t(h) = 12*h**2 - 2*h**2 + 3*h - 9*h**2 + 4. Suppose w + 0*w + 3 = 0. Calculate t(w).
4
Let t(a) be the second derivative o